 + 5*r + 75 = -94, -m - r + 88 = 0. Let c = m + -92. Give u(c).
2
Let j(x) be the first derivative of -x**2/2 - 5*x - 180. Give j(0).
-5
Let n(a) = -11 - 8*a + 329*a**2 - a**3 + 334*a**2 - 989*a**2 + 337*a**2. Give n(10).
9
Let w(v) = -v**3 + 3*v**2 + 5. Let y be w(3). Let m(c) = -c**2 + 6*c - 6. Give m(y).
-1
Let c(a) be the third derivative of 5*a**4/8 - 2*a**3/3 - 9*a**2 + 3. Give c(1).
11
Let g(d) = -d**2 + 3*d + 4. Let t be g(4). Let l = 0 + t. Let j(a) = -4 - a + 3 + l*a. Give j(1).
-2
Let c(q) = -q + 6. Suppose 16 = 28*i - 20*i. Determine c(i).
4
Suppose 8*g - 4*g = 72. Let q = g + -8. Let k(u) = -u**3 + 9*u**2 + 10*u. Calculate k(q).
0
Let h(q) be the first derivative of -q**3/3 + 7*q**2/2 - 6*q + 353. Let m = -23 - -35. Suppose -2*i + m = -0*i. Calculate h(i).
0
Suppose 2*v - 4*g = -6, -28 + 3 = -5*g. Let h(q) = -1 + 10*q + q**2 + v + 4 + 0. Let s be h(-8). Let j(w) = -w**3 - 7*w**2 - 8*w - 7. Calculate j(s).
5
Suppose -2*k + 35 + 55 = 0. Suppose -n + k = -6*n - 5*g, -2*g - 26 = 4*n. Let w(y) = y**3 + 5*y**2 + 2*y. Determine w(n).
8
Suppose -8*z + 16 = -2*p - 7*z, 42 = -5*p + 2*z. Let a(c) = 4*c - 7. Give a(p).
-47
Let u(t) be the second derivative of -t**4/12 + t**3/3 - 3*t**2 + t + 66. What is u(0)?
-6
Let j(k) = -k**2 - k - 3. Let h(z) = -z**3 - 5*z**2 + 4*z - 12. Let d(x) = h(x) - 6*j(x). Determine d(4).
-2
Let b(p) = 4*p - 4. Let q(x) = 3*x - 4. Let l(c) = -4*b(c) + 6*q(c). Calculate l(7).
6
Let u(p) be the first derivative of -p**2/2 + 241. Give u(13).
-13
Let q(s) = s**3 - 6*s**2 + 3*s. Suppose 3*n + n = 8. Suppose 20 = n*a + 2*a. Determine q(a).
-10
Let f = 9 + -6. Suppose -2*k - v = 3, -k + 6 = -3*v - f. Let r(n) = n**2 - 8. Let x(w) = -7*w**2 + 54. Let m(y) = 6*r(y) + x(y). What is m(k)?
6
Let u = 147 - 145. Let a(m) be the second derivative of -4/3*m**3 + 0*m**u + 0 - 1/20*m**5 + 12*m + 2/3*m**4. Calculate a(7).
-7
Let o(d) = 5*d + 10. Suppose -37 = 5*y - f, -4*f = -4*y - 2*f - 32. What is o(y)?
-25
Let f = -11 - -15. Suppose -i + 6*i = 10. Suppose k + i*z = 5, -z - f*z = 0. Let a(s) = -s**3 + 4*s**2 + 4*s + 3. Determine a(k).
-2
Let d(p) = 3*p. Suppose -2 = -3*v + 10. Suppose v*f = 382 - 150. Let k be f/18 - (-2)/(-9). Calculate d(k).
9
Let k be (6/2)/3 - 12. Let j = 14 + k. Let n be j/1*(-1)/3. Let w(q) = -3*q**2 - 2*q - 1. Give w(n).
-2
Let n = -10 - -14. Suppose -n*j = -2*j - 12. Let z(a) = 49*a**3 + j*a + a**2 - 4*a**2 - 50*a**3 + 2. Calculate z(-4).
-6
Let d(x) = -1. Let m(v) = -10*v**2 + 3*v + 7. Let q(r) = -3*r**2 + r + 2. Let t(p) = 2*m(p) - 7*q(p). Let n(l) = -d(l) - t(l). Determine n(-4).
-19
Suppose 0 = -2*o - 5*h - 15 - 1, -5*h = 5*o + 10. Let m(d) = 15*d + 1. What is m(o)?
31
Let t(g) = g**3 + g**2 + 2*g + 3. Let h(a) = -a**2 + 19*a - 62. Let n be h(15). Calculate t(n).
-5
Let c(u) = -2*u**2 + 57*u - 403. Let l be c(15). Let j(r) = -14*r**2 + r + 1. What is j(l)?
-53
Let c(w) be the first derivative of w**4/12 - 5*w**3/6 + w**2/2 - 17*w + 23. Let k(x) be the first derivative of c(x). Calculate k(2).
-5
Let l(v) = -2*v**2 + 15*v - 2. Let h(j) = 3*j**2 - 29*j + 4. Let t(f) = 3*h(f) + 5*l(f). Give t(-10).
22
Let i(x) = -x**3 + 7*x**2 - 5*x - 2. Let r be ((-15)/6)/(82/(-24) + 3). What is i(r)?
4
Let s(m) = 1035*m**2 - 515*m**2 - 519*m**2. Calculate s(0).
0
Let h(v) = -v**3 - v**2 + v. Let t(n) = -3*n**3 - 16*n**2 + 3*n + 10. Let i(c) = 2*h(c) - t(c). Give i(-14).
4
Suppose -50*i + 24 = -56*i. Let d(r) = -r**3 - 4*r**2 + 2. Give d(i).
2
Let i = -13 + 15. Let h(j) be the first derivative of -i*j**2 - 2 + j**2 + 2*j - 4. Determine h(2).
-2
Let o(j) be the first derivative of j**4/4 - 8*j**3/3 + j**2/2 + j + 308. What is o(8)?
9
Suppose 0 = 7*r - 3*r. Let t(l) be the second derivative of l**3/6 - l**2/2 - 363*l + 2. What is t(r)?
-1
Let u(b) = 3*b - 8. Let x(i) = 102*i - 607. Let o be x(6). What is u(o)?
7
Let p(i) = -1 - 319*i - 3 + 631*i - 313*i. What is p(4)?
-8
Let p be ((3 - 0) + -3)/4. Suppose 0 = 2*v + r + 2*r - 3, 4*v - r + 1 = p. Let b(a) = -a**3 + 5. What is b(v)?
5
Let u(q) = -10*q + 0*q - q**2 - q + 12 + 1 + 3. What is u(-11)?
16
Let d(s) = 4*s**2 - 7*s + 7. Let q(h) = 3*h**2 - 6*h + 7. Let j(k) = -4*d(k) + 5*q(k). What is j(-4)?
-1
Let r(t) = 17*t + 2*t**2 - 3 + 3 + 4. Let d be r(-8). Let s(l) = -2*l**2 + 3*l - 4. Let z(w) = -3*w**2 + 3*w - 4. Let k(p) = -5*s(p) + 4*z(p). Give k(d).
-16
Suppose -2*k - 7 = -5*k + 2*o, 3*k - 3*o - 9 = 0. Let t(q) = -2*q**3 - q + 1. Determine t(k).
-2
Let s(f) = -5*f**3 - 9*f - 4 + 4*f**3 - 2*f + 12*f**2. What is s(11)?
-4
Suppose 8*g + 0 = 24. Suppose -2*h = -4*h + g*x + 8, 0 = 4*h + 4*x - 16. Let w(q) = -q**3 + 4*q**2 - 2*q + 3. Give w(h).
-5
Suppose -4*q - 4 = -5*x, -5*q - 3*x - 10 + 5 = 0. Suppose 0 = -0*c - 2*c + 4. Let z(d) = -4*d**2 + d + c*d**2 - 7*d**2. Calculate z(q).
-10
Let y(k) be the first derivative of 0*k + 1/3*k**3 + 7/4*k**4 + 0*k**2 - 43. Let r be (4/(-6))/((-2)/(-3)). What is y(r)?
-6
Let d = -369 - -377. Let p(s) = 2*s**2 - 18*s + 14. What is p(d)?
-2
Let t(m) be the second derivative of m**5/20 + m**4/3 - m**3/6 + 2*m**2 + 6*m + 1. Let h be t(-4). Let u(n) = n**3 - 7*n**2 - 9*n. Give u(h).
-8
Let q be 2*(-2)/16*(-160)/20. Let j(z) = 8*z + 2. Give j(q).
18
Let a be 2/4 - 34/(-4). Let s = a - 5. Let c(j) = -4*j + 0*j**2 - j**2 + 2*j**2 + 5 - 2. Calculate c(s).
3
Let y(d) = -4*d**2 - 236*d + 6. Let b be y(-59). Let t(o) = 3 + o - 6 + 0*o. What is t(b)?
3
Let p(w) = -4*w**3 + 10*w**2 - 2*w + 3. Let r(s) = -3*s**3 + 9*s**2 - 3*s + 3. Let n(g) = -2*p(g) + 3*r(g). What is n(5)?
28
Let h(p) = -4*p - 41. Let a(v) = -v - 14. Let r(s) = -7*a(s) + 2*h(s). Let l be r(13). Let c = l + -2. Let q(t) = 7*t**3 + t - 1. Determine q(c).
7
Let j be (2 + (-7 - -4))*0. Suppose -4*q - 4*l + 5*l = 0, -2*q + 5*l = j. Let p(a) = -a**3 - 5. What is p(q)?
-5
Let k = 17 - 14. Suppose -4*m + 27 = -k*z, 0 = -z - 5 - 0. Let l(h) = -7 + 5*h**2 + 2 + 2*h + 3 + h**m. What is l(-2)?
6
Let f(k) = k + 1. Let c(h) = h - 8*h + h + 5*h. Let q be c(-2). Let p(j) = 2*j. Let m be p(q). Give f(m).
5
Let s be -4 + 1 + 5 + (-100)/60. Let t(n) be the first derivative of 2 + 0*n**2 + s*n**3 - n. Calculate t(-2).
3
Let g be (-4)/(-10) + 40/25. Let k(t) = -17*t**3 + 4*t**2 + 2*t**g + 4 - t**2 + 4*t + 19*t**3. Calculate k(-3).
-17
Let s(x) = -20 + 515*x - x**2 + 520*x - 1015*x. Determine s(19).
-1
Let s(j) = j - 2. Suppose -4*x + 0*g - 3*g + 77 = 0, 2*x = 3*g + 43. Let p = -16 + x. Suppose 3*o + 18 = p*q - q, 2 = q + o. Determine s(q).
2
Let r(a) = 14*a**3 - 3*a**2 + 3*a - 14. Let n(f) = 5*f**3 - f**2 + f - 5. Let i(m) = 8*n(m) - 3*r(m). Suppose t + 0 = 2. Calculate i(t).
-12
Let f(g) = -3*g**2 - 81*g + g**2 + 85*g + 4. Calculate f(4).
-12
Let t(k) = k**2 - 3*k + 3. Let a(d) = d**2 - 7*d + 8. Let p(z) = 3*a(z) - 8*t(z). Determine p(3).
-36
Let g(k) = -k + 4. Suppose 1 = s + x, -4*s + 3*x = 4 - 1. Calculate g(s).
4
Let o(x) = 5*x**2 - 4*x + 2. Suppose -4*s = 3*g - 0 + 2, 3*g - s - 8 = 0. Give o(g).
14
Let c(r) = 7*r + 11 - 4*r - 10 + 2*r. Let v = 0 + -1. Let u be c(v). Let m(o) = 3*o + 4. Calculate m(u).
-8
Suppose 0 = j - i - 9 + 22, -2*i = -10. Let b(k) = -k**2 - 4*k + 2. Determine b(j).
-30
Let b = 79 - 75. Let p(n) = -17*n + b - n**3 - 2 + 16*n. Determine p(-2).
12
Let d(r) = -11*r + 2. Let t(q) = -4*q + 1. Let h be (6/(-10))/(11/55). Let g(n) = h*d(n) + 8*t(n). Determine g(-8).
-6
Suppose 4*k = -3*n + 2, -4*n - 2*k = 4 - 10. Suppose -13 = -5*w - 2*b - 0*b, 0 = 2*b - 8. Let i(v) = -w + 85*v**3 + 0*v - v - 2*v**2 - 83*v**3. Give i(n).
5
Let r(s) = -s**2 - 4*s + 5. Let m be 1 + 16 + 2 + -2. Suppose 2*n + m = -3*t + 73, -t + 22 = -n. Suppose 3*b + 2*w + t + 0 = 0, -24 = 4*b + 2*w. Calculate r(b).
5
Let j(t) = -10*t**3 - t + 4. Let l(i) = 29*i**3 + 3*i - 11. Let b(m) = 8*j(m) + 3*l(m). Determine b(1).
7
Let b(k) be the second derivative of -k**5/20 - k**4/6 + k**3/3 - 7*k + 26. Determine b(-3).
3
Let u(s) = -s**2 - 3*s - 7. Suppose -q = -5*z + 1, 3*z + 72 = -2*q + 18. Let h be 0 - 2 - 7/(q/(-9)). Give u(h).
-17
Let z(b) = -b**2 - 4*b - 9. Suppose 0 - 1 = -y + h, -4*y + 2*h + 14 = 0. Let l(w) = w**2 + 4*w + 8. Let n(u) = y*z(u) + 7*l(u). Give n(-6).
14
Let o(q) be the second derivative of 1/40*q**5 - 4*q - 7/24*q**4 + 1/2*q**3 + 0*q**2 + 0. Let s(u) be the second derivative of o(u). What is s(5)?
8
Let